{"id":26011,"date":"2025-11-17T20:12:13","date_gmt":"2025-11-17T19:12:13","guid":{"rendered":"https:\/\/www.mysmartevents.fr\/?post_type=product&#038;p=26011"},"modified":"2025-11-30T13:23:33","modified_gmt":"2025-11-30T12:23:33","slug":"location-de-table-mange-debout-80cm","status":"publish","type":"product","link":"https:\/\/www.mysmartevents.fr\/index.php\/product\/location-de-table-mange-debout-80cm\/","title":{"rendered":"Table mange debout 80cm"},"content":{"rendered":"<h5 class=\"font24\"><strong>Location de table mange debout 80cm<\/strong><\/h5>\n<h5 class=\"font24\"><strong>&#8211; Plateau, en poly\u00e9thyl\u00e8ne monobloc haute densit\u00e9, renforc\u00e9 gr\u00e2ce aux nombreuses alv\u00e9oles.<\/strong><\/h5>\n<h5 class=\"font24\"><strong>&#8211; Hauteur 110cm<br \/>\n&#8211; Trait\u00e9e anti-uv<br \/>\n&#8211; Epaisseur 4.5cm<br \/>\n&#8211; Structure cadre m\u00e9tallique 30x15mm et double traverse de renfort centrale<\/strong><\/h5>\n<p>\u00c0 noter : ce produit peut pr\u00e9senter des marques d&rsquo;usage. Il est vivement recommand\u00e9 d&rsquo;utiliser un nappage ou une housse en lycra.<\/p>\n<p><b>Nappage et chaise disponible en option<\/b>.<\/p>\n<h5><\/h5>\n<h5><b>Tarifs &amp; conditions de location<\/b><\/h5>\n<p>\u2022 <b>10 \u20ac TTC \/ 24h<\/b><br \/>\n\u2022 Tarif d\u00e9gressif pour les longues dur\u00e9es (coefficient appliqu\u00e9 par jour suppl\u00e9mentaire).<br \/>\n\u2022 <b>Tarif hors livraison. <\/b><b>Retrait gratuit dans nos locaux du Plessis-Bouchard (95)<\/b><\/p>\n","protected":false},"excerpt":{"rendered":"<p>Location de table mange debout 80cm &#8211; Plateau, en poly\u00e9thyl\u00e8ne monobloc haute densit\u00e9, renforc\u00e9 gr\u00e2ce aux nombreuses alv\u00e9oles. &#8211; Hauteur 110cm &#8211; Trait\u00e9e anti-uv &#8211; Epaisseur 4.5cm &#8211; Structure cadre m\u00e9tallique 30x15mm et double traverse de renfort centrale \u00c0 noter : ce produit peut pr\u00e9senter des marques d&rsquo;usage. Il est vivement recommand\u00e9 d&rsquo;utiliser un nappage [&hellip;]<\/p>\n","protected":false},"featured_media":26014,"template":"","meta":[],"product_cat":[127],"product_tag":[],"class_list":{"0":"post-26011","1":"product","2":"type-product","3":"status-publish","4":"has-post-thumbnail","6":"product_cat-mobilier-evenementiel","8":"first","9":"instock","10":"purchasable","11":"product-type-simple"},"_links":{"self":[{"href":"https:\/\/www.mysmartevents.fr\/index.php\/wp-json\/wp\/v2\/product\/26011","targetHints":{"allow":["GET"]}}],"collection":[{"href":"https:\/\/www.mysmartevents.fr\/index.php\/wp-json\/wp\/v2\/product"}],"about":[{"href":"https:\/\/www.mysmartevents.fr\/index.php\/wp-json\/wp\/v2\/types\/product"}],"wp:featuredmedia":[{"embeddable":true,"href":"https:\/\/www.mysmartevents.fr\/index.php\/wp-json\/wp\/v2\/media\/26014"}],"wp:attachment":[{"href":"https:\/\/www.mysmartevents.fr\/index.php\/wp-json\/wp\/v2\/media?parent=26011"}],"wp:term":[{"taxonomy":"product_cat","embeddable":true,"href":"https:\/\/www.mysmartevents.fr\/index.php\/wp-json\/wp\/v2\/product_cat?post=26011"},{"taxonomy":"product_tag","embeddable":true,"href":"https:\/\/www.mysmartevents.fr\/index.php\/wp-json\/wp\/v2\/product_tag?post=26011"}],"curies":[{"name":"wp","href":"https:\/\/api.w.org\/{rel}","templated":true}]}}