{"id":26021,"date":"2025-11-30T13:24:52","date_gmt":"2025-11-30T12:24:52","guid":{"rendered":"https:\/\/www.mysmartevents.fr\/?post_type=product&#038;p=26021"},"modified":"2025-11-30T13:49:51","modified_gmt":"2025-11-30T12:49:51","slug":"chaise-napoleon-blanche","status":"publish","type":"product","link":"https:\/\/www.mysmartevents.fr\/index.php\/product\/chaise-napoleon-blanche\/","title":{"rendered":"Chaise Napol\u00e9on blanche"},"content":{"rendered":"<p><strong>La chaise Napol\u00e9on blanche en\u00a0 polypropylene de haute qualit\u00e9,<\/strong> apporte une \u00e9l\u00e9gance classique \u00e0 tout \u00e9v\u00e9nement. Son design intemporel est parfait pour les mariages, les r\u00e9ceptions et les grandes occasions. Ce mod\u00e8le est fourni sans galette,\u00a0<strong>mais une galette en similicuir blanc peut \u00eatre rajout\u00e9e pour plus de confort.<\/strong><\/p>\n<p><strong>Une galette en similicuir blanc peut \u00eatre rajout\u00e9e pour plus de confort<\/strong><\/p>\n<h5><\/h5>\n<h5><b>Tarifs &amp; conditions de location<\/b><\/h5>\n<p>\u2022 <b>3,60\u20ac TTC \/ 24h<\/b><br \/>\n\u2022 Tarif d\u00e9gressif pour les longues dur\u00e9es (coefficient appliqu\u00e9 par jour suppl\u00e9mentaire).<br \/>\n\u2022 <b>Tarif hors livraison. <\/b><b>Retrait gratuit dans nos locaux du Plessis-Bouchard (95)<\/b><\/p>\n","protected":false},"excerpt":{"rendered":"<p>La chaise Napol\u00e9on blanche en\u00a0 polypropylene de haute qualit\u00e9, apporte une \u00e9l\u00e9gance classique \u00e0 tout \u00e9v\u00e9nement. Son design intemporel est parfait pour les mariages, les r\u00e9ceptions et les grandes occasions. Ce mod\u00e8le est fourni sans galette,\u00a0mais une galette en similicuir blanc peut \u00eatre rajout\u00e9e pour plus de confort. Une galette en similicuir blanc peut \u00eatre [&hellip;]<\/p>\n","protected":false},"featured_media":26022,"template":"","meta":[],"product_cat":[127],"product_tag":[],"class_list":{"0":"post-26021","1":"product","2":"type-product","3":"status-publish","4":"has-post-thumbnail","6":"product_cat-mobilier-evenementiel","8":"first","9":"instock","10":"purchasable","11":"product-type-simple"},"_links":{"self":[{"href":"https:\/\/www.mysmartevents.fr\/index.php\/wp-json\/wp\/v2\/product\/26021","targetHints":{"allow":["GET"]}}],"collection":[{"href":"https:\/\/www.mysmartevents.fr\/index.php\/wp-json\/wp\/v2\/product"}],"about":[{"href":"https:\/\/www.mysmartevents.fr\/index.php\/wp-json\/wp\/v2\/types\/product"}],"wp:featuredmedia":[{"embeddable":true,"href":"https:\/\/www.mysmartevents.fr\/index.php\/wp-json\/wp\/v2\/media\/26022"}],"wp:attachment":[{"href":"https:\/\/www.mysmartevents.fr\/index.php\/wp-json\/wp\/v2\/media?parent=26021"}],"wp:term":[{"taxonomy":"product_cat","embeddable":true,"href":"https:\/\/www.mysmartevents.fr\/index.php\/wp-json\/wp\/v2\/product_cat?post=26021"},{"taxonomy":"product_tag","embeddable":true,"href":"https:\/\/www.mysmartevents.fr\/index.php\/wp-json\/wp\/v2\/product_tag?post=26021"}],"curies":[{"name":"wp","href":"https:\/\/api.w.org\/{rel}","templated":true}]}}