{"id":26041,"date":"2025-11-30T15:20:50","date_gmt":"2025-11-30T14:20:50","guid":{"rendered":"https:\/\/www.mysmartevents.fr\/?post_type=product&#038;p=26041"},"modified":"2025-11-30T15:24:15","modified_gmt":"2025-11-30T14:24:15","slug":"candy-bar-bonbonnieres","status":"publish","type":"product","link":"https:\/\/www.mysmartevents.fr\/index.php\/product\/candy-bar-bonbonnieres\/","title":{"rendered":"Candy Bar + Bonbonnieres"},"content":{"rendered":"<p><strong>Nos Candy Bar en location, quoi de mieux que de r\u00e9unir vos convives autour d\u2019un bar a bonbon, il ravira les plus petits aux plus grands. Passe partout il donnera aussi un effet d\u00e9co suppl\u00e9mentaire \u00e0 votre salle. vous aurez aussi la possibilit\u00e9 de la customiser selon votre th\u00e8me et votre code couleurs<\/strong><\/p>\n<p><strong>Mod\u00e8le avec 10 bonbonnieres (vide)\u00a0 \u00a0 \u00a0 \u00a0 \u00a0 \u00a0 \u00a0 \u00a0 \u00a0 \u00a0 \u00a0 \u00a0 \u00a0 \u00a0 \u00a0 \u00a0 \u00a0 \u00a0 \u00a0 \u00a0 \u00a0 \u00a0 \u00a0 \u00a0 \u00a0 \u00a0 \u00a0 \u00a0 \u00a0 \u00a0 \u00a0 \u00a0 \u00a0 \u00a0 \u00a0 \u00a0 \u00a0 \u00a0 \u00a0 \u00a0 \u00a0 \u00a0 \u00a0 \u00a0 \u00a0 \u00a0 \u00a0 \u00a0 \u00a0 \u00a0 \u00a0 \u00a0 \u00a0 \u00a0Confiseries en suppl\u00e9ment\u00a0<\/strong><\/p>\n<h5><\/h5>\n<h5><b>Tarifs &amp; conditions de location<\/b><\/h5>\n<p>\u2022 <b>130\u20ac TTC \/ 24h<\/b><br \/>\n\u2022 Tarif d\u00e9gressif pour les longues dur\u00e9es (coefficient appliqu\u00e9 par jour suppl\u00e9mentaire).<br \/>\n\u2022 <b>Tarif hors livraison. <\/b><b>Retrait gratuit dans nos locaux du Plessis-Bouchard (95)<\/b><\/p>\n","protected":false},"excerpt":{"rendered":"<p>Nos Candy Bar en location, quoi de mieux que de r\u00e9unir vos convives autour d\u2019un bar a bonbon, il ravira les plus petits aux plus grands. Passe partout il donnera aussi un effet d\u00e9co suppl\u00e9mentaire \u00e0 votre salle. vous aurez aussi la possibilit\u00e9 de la customiser selon votre th\u00e8me et votre code couleurs Mod\u00e8le avec [&hellip;]<\/p>\n","protected":false},"featured_media":26039,"template":"","meta":[],"product_cat":[127],"product_tag":[],"class_list":{"0":"post-26041","1":"product","2":"type-product","3":"status-publish","4":"has-post-thumbnail","6":"product_cat-mobilier-evenementiel","8":"first","9":"instock","10":"purchasable","11":"product-type-simple"},"_links":{"self":[{"href":"https:\/\/www.mysmartevents.fr\/index.php\/wp-json\/wp\/v2\/product\/26041","targetHints":{"allow":["GET"]}}],"collection":[{"href":"https:\/\/www.mysmartevents.fr\/index.php\/wp-json\/wp\/v2\/product"}],"about":[{"href":"https:\/\/www.mysmartevents.fr\/index.php\/wp-json\/wp\/v2\/types\/product"}],"wp:featuredmedia":[{"embeddable":true,"href":"https:\/\/www.mysmartevents.fr\/index.php\/wp-json\/wp\/v2\/media\/26039"}],"wp:attachment":[{"href":"https:\/\/www.mysmartevents.fr\/index.php\/wp-json\/wp\/v2\/media?parent=26041"}],"wp:term":[{"taxonomy":"product_cat","embeddable":true,"href":"https:\/\/www.mysmartevents.fr\/index.php\/wp-json\/wp\/v2\/product_cat?post=26041"},{"taxonomy":"product_tag","embeddable":true,"href":"https:\/\/www.mysmartevents.fr\/index.php\/wp-json\/wp\/v2\/product_tag?post=26041"}],"curies":[{"name":"wp","href":"https:\/\/api.w.org\/{rel}","templated":true}]}}