{"id":26044,"date":"2025-11-30T15:29:01","date_gmt":"2025-11-30T14:29:01","guid":{"rendered":"https:\/\/www.mysmartevents.fr\/?post_type=product&#038;p=26044"},"modified":"2025-11-30T16:41:51","modified_gmt":"2025-11-30T15:41:51","slug":"parasol-rectangulaire","status":"publish","type":"product","link":"https:\/\/www.mysmartevents.fr\/index.php\/product\/parasol-rectangulaire\/","title":{"rendered":"Parasol rectangulaire"},"content":{"rendered":"<h5 class=\"font24\"><strong>Le parasol droit prot\u00e8ge vos convives du soleil sur une large surface . Sa toile rectangulaire de 2&#215;3 m\u00e8tres de diam\u00e8tre est d\u00e9perlante et bloque 90% des rayons UV. Apr\u00e8s usage le parasol se referme facilement \u00e0 l\u2019aide de sa manivelle lat\u00e9rale.<\/strong><\/h5>\n<h5 class=\"font24\"><strong>&#8211; Hauteur 255cm<\/strong><\/h5>\n<h5><\/h5>\n<h5><b>Tarifs &amp; conditions de location<\/b><\/h5>\n<p>\u2022 <b>35\u20ac TTC \/ 24h<\/b><br \/>\n\u2022 Tarif d\u00e9gressif pour les longues dur\u00e9es (coefficient appliqu\u00e9 par jour suppl\u00e9mentaire).<br \/>\n\u2022 <b>Tarif hors livraison. <\/b><b>Retrait gratuit dans nos locaux du Plessis-Bouchard (95)<\/b><\/p>\n","protected":false},"excerpt":{"rendered":"<p>Le parasol droit prot\u00e8ge vos convives du soleil sur une large surface . Sa toile rectangulaire de 2&#215;3 m\u00e8tres de diam\u00e8tre est d\u00e9perlante et bloque 90% des rayons UV. Apr\u00e8s usage le parasol se referme facilement \u00e0 l\u2019aide de sa manivelle lat\u00e9rale. &#8211; Hauteur 255cm Tarifs &amp; conditions de location \u2022 35\u20ac TTC \/ 24h [&hellip;]<\/p>\n","protected":false},"featured_media":26045,"template":"","meta":[],"product_cat":[127],"product_tag":[],"class_list":{"0":"post-26044","1":"product","2":"type-product","3":"status-publish","4":"has-post-thumbnail","6":"product_cat-mobilier-evenementiel","8":"first","9":"instock","10":"purchasable","11":"product-type-simple"},"_links":{"self":[{"href":"https:\/\/www.mysmartevents.fr\/index.php\/wp-json\/wp\/v2\/product\/26044","targetHints":{"allow":["GET"]}}],"collection":[{"href":"https:\/\/www.mysmartevents.fr\/index.php\/wp-json\/wp\/v2\/product"}],"about":[{"href":"https:\/\/www.mysmartevents.fr\/index.php\/wp-json\/wp\/v2\/types\/product"}],"wp:featuredmedia":[{"embeddable":true,"href":"https:\/\/www.mysmartevents.fr\/index.php\/wp-json\/wp\/v2\/media\/26045"}],"wp:attachment":[{"href":"https:\/\/www.mysmartevents.fr\/index.php\/wp-json\/wp\/v2\/media?parent=26044"}],"wp:term":[{"taxonomy":"product_cat","embeddable":true,"href":"https:\/\/www.mysmartevents.fr\/index.php\/wp-json\/wp\/v2\/product_cat?post=26044"},{"taxonomy":"product_tag","embeddable":true,"href":"https:\/\/www.mysmartevents.fr\/index.php\/wp-json\/wp\/v2\/product_tag?post=26044"}],"curies":[{"name":"wp","href":"https:\/\/api.w.org\/{rel}","templated":true}]}}