{"id":26081,"date":"2025-12-18T15:07:31","date_gmt":"2025-12-18T14:07:31","guid":{"rendered":"https:\/\/www.mysmartevents.fr\/?post_type=product&#038;p=26081"},"modified":"2025-12-18T15:16:21","modified_gmt":"2025-12-18T14:16:21","slug":"chateau-gonflable-pirates","status":"publish","type":"product","link":"https:\/\/www.mysmartevents.fr\/index.php\/product\/chateau-gonflable-pirates\/","title":{"rendered":"Chateau gonflable Pirates"},"content":{"rendered":"<h4><strong>Le ch\u00e2teau gonflable Pirates, une structure incroyable !<\/strong><\/h4>\n<p>D\u00e9couvrez ce superbe\u00a0<strong>Parcours Gonflable Bateau Pirate Multi-Activit\u00e9s Occasion<\/strong>, une\u00a0<a href=\"https:\/\/jeux-gonflables.net\/22-vente-parcours-gonflables-multi-activites\">structure g\u00e9ante<\/a>\u00a0sur le th\u00e8me de la\u00a0<strong>piraterie<\/strong>\u00a0qui ravira les petits et les grands !\u00a0Les\u00a0<strong>apprentis pirates<\/strong>\u00a0les plus\u00a0<strong>courageux\u00a0<\/strong>s&rsquo;aventureront dans ce navire rempli d&rsquo;activit\u00e9s en tout genre.<\/p>\n<p>Accueillis par un pirate gonfl\u00e9 de 4 m\u00e8tres de hauteur, les enfants s&rsquo;amuseront \u00e0 jouer aux apprentis pirates, faire la course, jouer \u00e0 cache-cache, multiplier les positions et les acrobaties\u00a0 pour parvenir au bout de la structure \u00e0 vitesse grand V. Rebondir, sauter, se d\u00e9fouler, tomber, d\u00e9raper&#8230; toutes les figures acrobatiques sont permises dans ce jeu gonflable prot\u00e9g\u00e9 qui promet des heures de chahut et des fous-rires illimit\u00e9s&#8230; en toute s\u00e9curit\u00e9. Et pour un finish en toute beaut\u00e9 : les enfants pourront grimper puis d\u00e9valer un grand toboggan gonflable riche en couleurs.<\/p>\n<p>La location comprend : la structure gonflable ainsi que sa soufflerie et ses accessoires (sac de lests, piquets d&rsquo;encrage, b\u00e2che de protection)<\/p>\n<p><b>Des heures de jeu et de sauts en toute s\u00e9curit\u00e9 !<\/b><\/p>\n<p>Apportez une touche spectaculaire et sportive \u00e0 votre \u00e9v\u00e9nement avec nos structures gonflables.<br \/>\nCh\u00e2teaux, parcours, toboggans ou ar\u00e8nes : nous proposons un large choix pour toutes les tranches d\u2019\u00e2ge et tous les th\u00e8mes.<br \/>\nFaciles \u00e0 installer, livr\u00e9es avec soufflerie, tapis de s\u00e9curit\u00e9 et piquets d\u2019ancrage, elles garantissent des heures d\u2019amusement en toute s\u00e9curit\u00e9.<\/p>\n<p>Id\u00e9al pour anniversaires, f\u00eates scolaires, \u00e9v\u00e9nements publics ou journ\u00e9es d\u2019entreprise.<\/p>\n<p><strong>Dimensions : L 8 x P 5.1 x H 4.3 m\u00a0 \u00a0 \u00a0 \u00a0 \u00a0 \u00a0 \u00a0 \u00a0 \u00a0 \u00a0 \u00a0 \u00a0 \u00a0 \u00a0 \u00a0 \u00a0 \u00a0 \u00a0 \u00a0 \u00a0 \u00a0 \u00a0 \u00a0 \u00a0 \u00a0 \u00a0 \u00a0 \u00a0 \u00a0 \u00a0 \u00a0 \u00a0 \u00a0 \u00a0 \u00a0 \u00a0 \u00a0 \u00a0 \u00a0 \u00a0 \u00a0 \u00a0 \u00a0 \u00a0 \u00a0 \u00a0 \u00a0 \u00a0 \u00a0 \u00a0 \u00a0 \u00a0 \u00a0 \u00a0 \u00a0 \u00a0 Convient pour 10\/12 enfants max.\u00a0 \u00a0 \u00a0 \u00a0 \u00a0 \u00a0 \u00a0 \u00a0 \u00a0 \u00a0 \u00a0 \u00a0 \u00a0 \u00a0 \u00a0 \u00a0 \u00a0 \u00a0 \u00a0 \u00a0 \u00a0 \u00a0 \u00a0 \u00a0 \u00a0 \u00a0 \u00a0 \u00a0 \u00a0 \u00a0 \u00a0 \u00a0 \u00a0 \u00a0 \u00a0 \u00a0 \u00a0 \u00a0 \u00a0 \u00a0 \u00a0 \u00a0 \u00a0 \u00a0 \u00a0 \u00a0 \u00a0 \u00a0 \u00a0 \u00a0 \u00a0 \u00a0 \u00a0 \u00a0 \u00a0 \u00a0 \u00a0Age 3\/12 ans<\/strong><\/p>\n<p><b>Tarifs &amp; conditions de location<\/b><\/p>\n<p>\u2022 <b>\u00a0350\u20ac TTC \/ 24h<\/b><br \/>\n\u2022 Tarif d\u00e9gressif pour les longues dur\u00e9es (coefficient appliqu\u00e9 par jour suppl\u00e9mentaire).<br \/>\n\u2022 <b>Pause et d\u00e9pose inclues. Livraison en compl\u00e9ment. OBLIGATOIRE.<\/b><\/p>\n","protected":false},"excerpt":{"rendered":"<p>Le ch\u00e2teau gonflable Pirates, une structure incroyable ! D\u00e9couvrez ce superbe\u00a0Parcours Gonflable Bateau Pirate Multi-Activit\u00e9s Occasion, une\u00a0structure g\u00e9ante\u00a0sur le th\u00e8me de la\u00a0piraterie\u00a0qui ravira les petits et les grands !\u00a0Les\u00a0apprentis pirates\u00a0les plus\u00a0courageux\u00a0s&rsquo;aventureront dans ce navire rempli d&rsquo;activit\u00e9s en tout genre. Accueillis par un pirate gonfl\u00e9 de 4 m\u00e8tres de hauteur, les enfants s&rsquo;amuseront \u00e0 jouer aux [&hellip;]<\/p>\n","protected":false},"featured_media":26082,"template":"","meta":[],"product_cat":[128,141],"product_tag":[],"class_list":{"0":"post-26081","1":"product","2":"type-product","3":"status-publish","4":"has-post-thumbnail","6":"product_cat-jeux-animations","7":"product_cat-structure-et-chateau-gonflable","9":"first","10":"instock","11":"taxable","12":"shipping-taxable","13":"purchasable","14":"product-type-simple"},"_links":{"self":[{"href":"https:\/\/www.mysmartevents.fr\/index.php\/wp-json\/wp\/v2\/product\/26081","targetHints":{"allow":["GET"]}}],"collection":[{"href":"https:\/\/www.mysmartevents.fr\/index.php\/wp-json\/wp\/v2\/product"}],"about":[{"href":"https:\/\/www.mysmartevents.fr\/index.php\/wp-json\/wp\/v2\/types\/product"}],"wp:featuredmedia":[{"embeddable":true,"href":"https:\/\/www.mysmartevents.fr\/index.php\/wp-json\/wp\/v2\/media\/26082"}],"wp:attachment":[{"href":"https:\/\/www.mysmartevents.fr\/index.php\/wp-json\/wp\/v2\/media?parent=26081"}],"wp:term":[{"taxonomy":"product_cat","embeddable":true,"href":"https:\/\/www.mysmartevents.fr\/index.php\/wp-json\/wp\/v2\/product_cat?post=26081"},{"taxonomy":"product_tag","embeddable":true,"href":"https:\/\/www.mysmartevents.fr\/index.php\/wp-json\/wp\/v2\/product_tag?post=26081"}],"curies":[{"name":"wp","href":"https:\/\/api.w.org\/{rel}","templated":true}]}}