{"id":26106,"date":"2026-01-07T15:18:32","date_gmt":"2026-01-07T14:18:32","guid":{"rendered":"https:\/\/www.mysmartevents.fr\/?post_type=product&#038;p=26106"},"modified":"2026-01-07T15:31:54","modified_gmt":"2026-01-07T14:31:54","slug":"parcours-gonflable-dino-park-24m","status":"publish","type":"product","link":"https:\/\/www.mysmartevents.fr\/index.php\/product\/parcours-gonflable-dino-park-24m\/","title":{"rendered":"PARCOURS GONFLABLE DINO PARK 24m"},"content":{"rendered":"<p><strong>Plongez dans l\u2019univers fascinant des dinosaures avec le Dino Park, un parcours gonflable d&rsquo;occasion XXL con\u00e7u pour \u00e9merveiller les petits aventuriers.<\/strong><\/p>\n<p>Long de 24 m\u00e8tres, ce parcours multi-activit\u00e9s transporte les enfants dans la pr\u00e9histoire, au c\u0153ur d\u2019une jungle luxuriante peupl\u00e9e de st\u00e9gosaures, pt\u00e9ranodons et \u0153ufs de dinosaures g\u00e9ants.\u00a0 \u00a0 \u00a0 \u00a0 \u00a0 \u00a0 \u00a0 \u00a0 \u00a0 \u00a0 \u00a0 \u00a0 \u00a0 \u00a0 \u00a0 \u00a0 Les enfants \u00e0 partir de 3 ans seront ravis de jouer aux apprentis explorateurs et se frayer un chemin dans le monde des dinosaures dans une structure gonflable qui leur rappellera l\u2019univers populaire de Jurassic Park.<\/p>\n<p><strong>STRUCTURE GONFLABLE POUR LES PETITS EXPLORATEURS<\/strong><\/p>\n<p>Apr\u00e8s \u00eatre entr\u00e9s\u00a0dans la structure, accueillis par deux tours originales d\u00e9cor\u00e9es d&rsquo;oeufs de dinosaures, les enfants d\u00e9couvriront un univers aux multiples couleurs o\u00f9 des obstacles en tout genre r\u00e8gnent en ma\u00eetre. Double piste de glisse, palmiers gonflables flamboyants, les Indiana Jones en herbe devront se frayer un chemin parmi un grand nombre de jeux gonflables horizontaux et verticaux qui ne manqueront pas de les ralentir dans leur progression<\/p>\n<p>&nbsp;<\/p>\n<p><strong>Dimensions : L 4 x P 24 x H 4m\u00a0 \u00a0 \u00a0 \u00a0 \u00a0 \u00a0 \u00a0 \u00a0 \u00a0 \u00a0 \u00a0 \u00a0 \u00a0 \u00a0 \u00a0 \u00a0 \u00a0 \u00a0 \u00a0 \u00a0 \u00a0 \u00a0 \u00a0 \u00a0 \u00a0 \u00a0 \u00a0 \u00a0 \u00a0 \u00a0 \u00a0 \u00a0 \u00a0 \u00a0 \u00a0 \u00a0 \u00a0 \u00a0 \u00a0 \u00a0 \u00a0 \u00a0 \u00a0 \u00a0 \u00a0 \u00a0 \u00a0 \u00a0 \u00a0 \u00a0 \u00a0 \u00a0 \u00a0 \u00a0 \u00a0 \u00a0 Convient pour 25 enfants max.\u00a0 \u00a0 \u00a0 \u00a0 \u00a0 \u00a0 \u00a0 \u00a0 \u00a0 \u00a0 \u00a0 \u00a0 \u00a0 \u00a0 \u00a0 \u00a0 \u00a0 \u00a0 \u00a0 \u00a0 \u00a0 \u00a0 \u00a0 \u00a0 \u00a0 \u00a0 \u00a0 \u00a0 \u00a0 \u00a0 \u00a0 \u00a0 \u00a0 \u00a0 \u00a0 \u00a0 \u00a0 \u00a0 \u00a0 \u00a0 \u00a0 \u00a0 \u00a0 \u00a0 \u00a0 \u00a0 \u00a0 \u00a0 \u00a0 \u00a0 \u00a0 \u00a0 \u00a0 \u00a0 \u00a0 \u00a0 \u00a0Age : \u00e0 partir de 6 ans\u00a0 \u00a0 \u00a0 \u00a0 \u00a0 \u00a0 \u00a0 \u00a0 \u00a0 \u00a0 \u00a0 \u00a0 \u00a0 \u00a0 \u00a0 \u00a0 \u00a0 \u00a0 \u00a0 \u00a0 \u00a0 \u00a0 \u00a0 \u00a0 \u00a0 \u00a0 \u00a0 \u00a0 \u00a0 \u00a0 \u00a0 \u00a0 \u00a0 \u00a0 \u00a0 \u00a0 \u00a0 \u00a0 \u00a0 \u00a0 \u00a0 \u00a0 \u00a0 \u00a0 \u00a0 \u00a0 \u00a0 \u00a0 \u00a0 \u00a0 \u00a0 \u00a0 \u00a0 \u00a0 \u00a0 \u00a0 \u00a0 \u00a0 \u00a0 \u00a0 \u00a0 \u00a0\u00a0<\/strong><\/p>\n<p><b>Tarifs &amp; conditions de location<\/b><\/p>\n<p>\u2022 <b>\u00a0800\u20ac TTC \/ 24h<\/b><br \/>\n\u2022 Tarif d\u00e9gressif pour les longues dur\u00e9es (coefficient appliqu\u00e9 par jour suppl\u00e9mentaire).<br \/>\n\u2022 <b>Pause et d\u00e9pose inclues. Livraison en compl\u00e9ment. OBLIGATOIRE.<\/b><\/p>\n","protected":false},"excerpt":{"rendered":"<p>Plongez dans l\u2019univers fascinant des dinosaures avec le Dino Park, un parcours gonflable d&rsquo;occasion XXL con\u00e7u pour \u00e9merveiller les petits aventuriers. Long de 24 m\u00e8tres, ce parcours multi-activit\u00e9s transporte les enfants dans la pr\u00e9histoire, au c\u0153ur d\u2019une jungle luxuriante peupl\u00e9e de st\u00e9gosaures, pt\u00e9ranodons et \u0153ufs de dinosaures g\u00e9ants.\u00a0 \u00a0 \u00a0 \u00a0 \u00a0 \u00a0 \u00a0 \u00a0 [&hellip;]<\/p>\n","protected":false},"featured_media":26107,"template":"","meta":[],"product_cat":[128,141],"product_tag":[],"class_list":{"0":"post-26106","1":"product","2":"type-product","3":"status-publish","4":"has-post-thumbnail","6":"product_cat-jeux-animations","7":"product_cat-structure-et-chateau-gonflable","9":"first","10":"instock","11":"taxable","12":"shipping-taxable","13":"purchasable","14":"product-type-simple"},"_links":{"self":[{"href":"https:\/\/www.mysmartevents.fr\/index.php\/wp-json\/wp\/v2\/product\/26106","targetHints":{"allow":["GET"]}}],"collection":[{"href":"https:\/\/www.mysmartevents.fr\/index.php\/wp-json\/wp\/v2\/product"}],"about":[{"href":"https:\/\/www.mysmartevents.fr\/index.php\/wp-json\/wp\/v2\/types\/product"}],"wp:featuredmedia":[{"embeddable":true,"href":"https:\/\/www.mysmartevents.fr\/index.php\/wp-json\/wp\/v2\/media\/26107"}],"wp:attachment":[{"href":"https:\/\/www.mysmartevents.fr\/index.php\/wp-json\/wp\/v2\/media?parent=26106"}],"wp:term":[{"taxonomy":"product_cat","embeddable":true,"href":"https:\/\/www.mysmartevents.fr\/index.php\/wp-json\/wp\/v2\/product_cat?post=26106"},{"taxonomy":"product_tag","embeddable":true,"href":"https:\/\/www.mysmartevents.fr\/index.php\/wp-json\/wp\/v2\/product_tag?post=26106"}],"curies":[{"name":"wp","href":"https:\/\/api.w.org\/{rel}","templated":true}]}}