{"id":26116,"date":"2026-01-07T19:30:54","date_gmt":"2026-01-07T18:30:54","guid":{"rendered":"https:\/\/www.mysmartevents.fr\/?post_type=product&#038;p=26116"},"modified":"2026-01-07T19:32:14","modified_gmt":"2026-01-07T18:32:14","slug":"machine-a-coup-de-poing-weekend","status":"publish","type":"product","link":"https:\/\/www.mysmartevents.fr\/index.php\/product\/machine-a-coup-de-poing-weekend\/","title":{"rendered":"Machine a coup de poing &#8211; Weekend"},"content":{"rendered":"<h4><strong>Grand classique des jeux de force des f\u00eates foraines<\/strong><\/h4>\n<p>Testez votre force de frappe sur une attraction simple au succ\u00e8s garanti qui a fait ses preuves depuis des d\u00e9cennies. Chaque joueur devra frapper le plus fort possible la balle (punching ball) et s&rsquo;amusera \u00e0 voir son score s&rsquo;afficher \u00e0 l&rsquo;\u00e9cran. Plus la force de frappe est grande, plus le score sera \u00e9lev\u00e9. Simple \u00e0 installer, ce jeu est LE jeu le plus populaire des jeux de force forains et vous permettra de m\u00ealer jeu de f\u00eate foraine et jeu sportif lors de votre \u00e9v\u00e9nement.<\/p>\n<p>Notre machine \u00e0 coup de poing unique, qui fusionne l\u2019esth\u00e9tique de celebres jeux d&rsquo;arcade des ann\u00e9es 80 avec la technologie moderne. Parfait pour les amateurs de nostalgie et de sensations fortes, ce jeu de mesure de force de frappe affiche les scores de mani\u00e8re imposante et se pare d&rsquo;un \u00e9clairage LED captivant. Cette machine de boxe est un v\u00e9ritable aimant dans les salles d&rsquo;arcade, attirant l\u2019attention de jour comme de nuit gr\u00e2ce \u00e0 son design r\u00e9tro et ses effets lumineux spectaculaires.<\/p>\n<p><b>Tarifs &amp; conditions de location<\/b><\/p>\n<p>\u2022 <b>350 \u20ac TTC \/ 24h ( du vendredi au samedi )<\/b><br \/>\n\u2022 Tarif d\u00e9gressif pour les longues dur\u00e9es (coefficient appliqu\u00e9 par jour suppl\u00e9mentaire).<br \/>\n\u2022 <b>Consommables non inclus<\/b> possibilit\u00e9 de commander les petits cadeaux\u2026<br \/>\n\u2022 <b>Nettoyage non inclus<\/b> \u2013 forfait disponible sur demande. Remplissage \u00e0 la charge du client et vidage \u00e9galement.<\/p>\n","protected":false},"excerpt":{"rendered":"<p>Grand classique des jeux de force des f\u00eates foraines Testez votre force de frappe sur une attraction simple au succ\u00e8s garanti qui a fait ses preuves depuis des d\u00e9cennies. Chaque joueur devra frapper le plus fort possible la balle (punching ball) et s&rsquo;amusera \u00e0 voir son score s&rsquo;afficher \u00e0 l&rsquo;\u00e9cran. Plus la force de frappe [&hellip;]<\/p>\n","protected":false},"featured_media":26115,"template":"","meta":[],"product_cat":[128,129],"product_tag":[],"class_list":{"0":"post-26116","1":"product","2":"type-product","3":"status-publish","4":"has-post-thumbnail","6":"product_cat-jeux-animations","7":"product_cat-jeux","9":"first","10":"instock","11":"taxable","12":"shipping-taxable","13":"purchasable","14":"product-type-simple"},"_links":{"self":[{"href":"https:\/\/www.mysmartevents.fr\/index.php\/wp-json\/wp\/v2\/product\/26116","targetHints":{"allow":["GET"]}}],"collection":[{"href":"https:\/\/www.mysmartevents.fr\/index.php\/wp-json\/wp\/v2\/product"}],"about":[{"href":"https:\/\/www.mysmartevents.fr\/index.php\/wp-json\/wp\/v2\/types\/product"}],"wp:featuredmedia":[{"embeddable":true,"href":"https:\/\/www.mysmartevents.fr\/index.php\/wp-json\/wp\/v2\/media\/26115"}],"wp:attachment":[{"href":"https:\/\/www.mysmartevents.fr\/index.php\/wp-json\/wp\/v2\/media?parent=26116"}],"wp:term":[{"taxonomy":"product_cat","embeddable":true,"href":"https:\/\/www.mysmartevents.fr\/index.php\/wp-json\/wp\/v2\/product_cat?post=26116"},{"taxonomy":"product_tag","embeddable":true,"href":"https:\/\/www.mysmartevents.fr\/index.php\/wp-json\/wp\/v2\/product_tag?post=26116"}],"curies":[{"name":"wp","href":"https:\/\/api.w.org\/{rel}","templated":true}]}}