{"id":26127,"date":"2026-01-07T20:37:54","date_gmt":"2026-01-07T19:37:54","guid":{"rendered":"https:\/\/www.mysmartevents.fr\/?post_type=product&#038;p=26127"},"modified":"2026-02-18T19:14:43","modified_gmt":"2026-02-18T18:14:43","slug":"panier-de-basket-arcade","status":"publish","type":"product","link":"https:\/\/www.mysmartevents.fr\/index.php\/product\/panier-de-basket-arcade\/","title":{"rendered":"Panier de basket Arcade"},"content":{"rendered":"<p><strong>D\u00e9couvrez notre panier de Basket Ball arcade , id\u00e9al pour les f\u00eates de soci\u00e9t\u00e9, de ville, de village ou tout autre \u00e9v\u00e9nement.<\/strong><\/p>\n<p>Plongez dans l\u2019action avec notre panier de basket ball d\u2019arcade , lancer le plus de ballons possible pour marquer le plus de points possible dans le temps imparti, plus vous marquez des points le plus vite possible des modes de jeu ce d\u00e9bloque !<\/p>\n<p>Amusez-vous entre coll\u00e8gues ou famille\u00a0 et d\u00e9fiez-vous pour le meilleur score. louez- le d\u00e8s aujourd\u2019hui et transformez votre \u00e9v\u00e9nement en un v\u00e9ritable match de basket-ball.<\/p>\n<p><b>Tarifs &amp; conditions de location<\/b><\/p>\n<p>\u2022 <b>800 \u20ac TTC \/ 24h\u00a0<\/b><br \/>\n\u2022 Tarif d\u00e9gressif pour les longues dur\u00e9es (coefficient appliqu\u00e9 par jour suppl\u00e9mentaire).<br \/>\n\u2022 <b>Consommables non inclus<\/b> possibilit\u00e9 de commander les petits cadeaux\u2026<br \/>\n\u2022 <b>Nettoyage non inclus<\/b> \u2013 forfait disponible sur demande. Remplissage \u00e0 la charge du client et vidage \u00e9galement.<\/p>\n","protected":false},"excerpt":{"rendered":"<p>D\u00e9couvrez notre panier de Basket Ball arcade , id\u00e9al pour les f\u00eates de soci\u00e9t\u00e9, de ville, de village ou tout autre \u00e9v\u00e9nement. Plongez dans l\u2019action avec notre panier de basket ball d\u2019arcade , lancer le plus de ballons possible pour marquer le plus de points possible dans le temps imparti, plus vous marquez des points [&hellip;]<\/p>\n","protected":false},"featured_media":26128,"template":"","meta":[],"product_cat":[128,129],"product_tag":[],"class_list":{"0":"post-26127","1":"product","2":"type-product","3":"status-publish","4":"has-post-thumbnail","6":"product_cat-jeux-animations","7":"product_cat-jeux","9":"first","10":"instock","11":"sale","12":"taxable","13":"shipping-taxable","14":"purchasable","15":"product-type-simple"},"_links":{"self":[{"href":"https:\/\/www.mysmartevents.fr\/index.php\/wp-json\/wp\/v2\/product\/26127","targetHints":{"allow":["GET"]}}],"collection":[{"href":"https:\/\/www.mysmartevents.fr\/index.php\/wp-json\/wp\/v2\/product"}],"about":[{"href":"https:\/\/www.mysmartevents.fr\/index.php\/wp-json\/wp\/v2\/types\/product"}],"wp:featuredmedia":[{"embeddable":true,"href":"https:\/\/www.mysmartevents.fr\/index.php\/wp-json\/wp\/v2\/media\/26128"}],"wp:attachment":[{"href":"https:\/\/www.mysmartevents.fr\/index.php\/wp-json\/wp\/v2\/media?parent=26127"}],"wp:term":[{"taxonomy":"product_cat","embeddable":true,"href":"https:\/\/www.mysmartevents.fr\/index.php\/wp-json\/wp\/v2\/product_cat?post=26127"},{"taxonomy":"product_tag","embeddable":true,"href":"https:\/\/www.mysmartevents.fr\/index.php\/wp-json\/wp\/v2\/product_tag?post=26127"}],"curies":[{"name":"wp","href":"https:\/\/api.w.org\/{rel}","templated":true}]}}