{"id":26157,"date":"2026-01-11T20:53:44","date_gmt":"2026-01-11T19:53:44","guid":{"rendered":"https:\/\/www.mysmartevents.fr\/?post_type=product&#038;p=26157"},"modified":"2026-01-11T21:11:37","modified_gmt":"2026-01-11T20:11:37","slug":"barre-jeu-de-lumiere","status":"publish","type":"product","link":"https:\/\/www.mysmartevents.fr\/index.php\/product\/barre-jeu-de-lumiere\/","title":{"rendered":"Barre jeu de lumiere"},"content":{"rendered":"<p><strong>L\u2019ANIMATION PARFAITE POUR VOS SOIREES<\/strong><\/p>\n<p>Notre barre de lumiere est l\u2019outil id\u00e9al pour animer toutes vos soir\u00e9es et faire profiter \u00e0 vos invit\u00e9s d\u2019une ambiance unique. Gr\u00e2ce aux 4 projecteurs PAR \u00e9quip\u00e9s de Magic Ball, vous cr\u00e9ez facilement une atmosph\u00e8re festive professionnelle proche de ce que vous retrouvez dans les plus grands festivals, le tout chez vous.<\/p>\n<p><b>Tarifs &amp; conditio<\/b><b>ns de location<\/b><\/p>\n<p>\u2022 <strong>45<\/strong><b>\u00a0\u20ac TTC \/ 24h<\/b><br \/>\n\u2022 Tarif d\u00e9gressif pour les longues dur\u00e9es (coefficient appliqu\u00e9 par jour suppl\u00e9mentaire).<br \/>\n\u2022 <b>Rallonge non inclues<\/b><\/p>\n","protected":false},"excerpt":{"rendered":"<p>L\u2019ANIMATION PARFAITE POUR VOS SOIREES Notre barre de lumiere est l\u2019outil id\u00e9al pour animer toutes vos soir\u00e9es et faire profiter \u00e0 vos invit\u00e9s d\u2019une ambiance unique. Gr\u00e2ce aux 4 projecteurs PAR \u00e9quip\u00e9s de Magic Ball, vous cr\u00e9ez facilement une atmosph\u00e8re festive professionnelle proche de ce que vous retrouvez dans les plus grands festivals, le tout [&hellip;]<\/p>\n","protected":false},"featured_media":26158,"template":"","meta":[],"product_cat":[138],"product_tag":[],"class_list":{"0":"post-26157","1":"product","2":"type-product","3":"status-publish","4":"has-post-thumbnail","6":"product_cat-image-son","8":"first","9":"instock","10":"taxable","11":"shipping-taxable","12":"purchasable","13":"product-type-simple"},"_links":{"self":[{"href":"https:\/\/www.mysmartevents.fr\/index.php\/wp-json\/wp\/v2\/product\/26157","targetHints":{"allow":["GET"]}}],"collection":[{"href":"https:\/\/www.mysmartevents.fr\/index.php\/wp-json\/wp\/v2\/product"}],"about":[{"href":"https:\/\/www.mysmartevents.fr\/index.php\/wp-json\/wp\/v2\/types\/product"}],"wp:featuredmedia":[{"embeddable":true,"href":"https:\/\/www.mysmartevents.fr\/index.php\/wp-json\/wp\/v2\/media\/26158"}],"wp:attachment":[{"href":"https:\/\/www.mysmartevents.fr\/index.php\/wp-json\/wp\/v2\/media?parent=26157"}],"wp:term":[{"taxonomy":"product_cat","embeddable":true,"href":"https:\/\/www.mysmartevents.fr\/index.php\/wp-json\/wp\/v2\/product_cat?post=26157"},{"taxonomy":"product_tag","embeddable":true,"href":"https:\/\/www.mysmartevents.fr\/index.php\/wp-json\/wp\/v2\/product_tag?post=26157"}],"curies":[{"name":"wp","href":"https:\/\/api.w.org\/{rel}","templated":true}]}}