{"id":26180,"date":"2026-01-20T01:26:56","date_gmt":"2026-01-20T00:26:56","guid":{"rendered":"https:\/\/www.mysmartevents.fr\/?post_type=product&#038;p=26180"},"modified":"2026-01-20T01:31:43","modified_gmt":"2026-01-20T00:31:43","slug":"chocolatiere","status":"publish","type":"product","link":"https:\/\/www.mysmartevents.fr\/index.php\/product\/chocolatiere\/","title":{"rendered":"Chocolatiere"},"content":{"rendered":"<p><strong>Chocolatiere 10L<\/strong><\/p>\n<p>La machine \u00e0 chocolat chaud\u00a0 est \u00e9quip\u00e9e d\u2019un grand bac de 10 litres, une capacit\u00e9 id\u00e9ale pour pr\u00e9parer de d\u00e9licieuses boissons chaudes en grande quantit\u00e9. Gr\u00e2ce \u00e0 sa plage de temp\u00e9rature r\u00e9glable de 30 \u00e0 90\u00b0C et \u00e0 son affichage de la temp\u00e9rature, vous pourrez pr\u00e9parer un chocolat chaud gourmand et onctueux qui r\u00e9jouira vos clients.<\/p>\n<p><b>Tarifs &amp; conditions de location<\/b><\/p>\n<p>\u2022 <b>40 \u20ac TTC \/ 24h<\/b><br \/>\n\u2022 Tarif d\u00e9gressif pour les longues dur\u00e9es (coefficient appliqu\u00e9 par jour suppl\u00e9mentaire).<br \/>\n\u2022 <b>Consommables non inclus<\/b><br \/>\n\u2022 <b>Nettoyage non inclus<\/b> \u2013 forfait disponible sur demande.<\/p>\n","protected":false},"excerpt":{"rendered":"<p>Chocolatiere 10L La machine \u00e0 chocolat chaud\u00a0 est \u00e9quip\u00e9e d\u2019un grand bac de 10 litres, une capacit\u00e9 id\u00e9ale pour pr\u00e9parer de d\u00e9licieuses boissons chaudes en grande quantit\u00e9. Gr\u00e2ce \u00e0 sa plage de temp\u00e9rature r\u00e9glable de 30 \u00e0 90\u00b0C et \u00e0 son affichage de la temp\u00e9rature, vous pourrez pr\u00e9parer un chocolat chaud gourmand et onctueux qui [&hellip;]<\/p>\n","protected":false},"featured_media":26181,"template":"","meta":[],"product_cat":[131,132],"product_tag":[],"class_list":{"0":"post-26180","1":"product","2":"type-product","3":"status-publish","4":"has-post-thumbnail","6":"product_cat-food-gourmandises","7":"product_cat-snacks-douceurs-foraines","9":"first","10":"instock","11":"taxable","12":"shipping-taxable","13":"purchasable","14":"product-type-simple"},"_links":{"self":[{"href":"https:\/\/www.mysmartevents.fr\/index.php\/wp-json\/wp\/v2\/product\/26180","targetHints":{"allow":["GET"]}}],"collection":[{"href":"https:\/\/www.mysmartevents.fr\/index.php\/wp-json\/wp\/v2\/product"}],"about":[{"href":"https:\/\/www.mysmartevents.fr\/index.php\/wp-json\/wp\/v2\/types\/product"}],"wp:featuredmedia":[{"embeddable":true,"href":"https:\/\/www.mysmartevents.fr\/index.php\/wp-json\/wp\/v2\/media\/26181"}],"wp:attachment":[{"href":"https:\/\/www.mysmartevents.fr\/index.php\/wp-json\/wp\/v2\/media?parent=26180"}],"wp:term":[{"taxonomy":"product_cat","embeddable":true,"href":"https:\/\/www.mysmartevents.fr\/index.php\/wp-json\/wp\/v2\/product_cat?post=26180"},{"taxonomy":"product_tag","embeddable":true,"href":"https:\/\/www.mysmartevents.fr\/index.php\/wp-json\/wp\/v2\/product_tag?post=26180"}],"curies":[{"name":"wp","href":"https:\/\/api.w.org\/{rel}","templated":true}]}}