{"id":26246,"date":"2026-02-11T15:10:43","date_gmt":"2026-02-11T14:10:43","guid":{"rendered":"https:\/\/www.mysmartevents.fr\/?post_type=product&#038;p=26246"},"modified":"2026-02-11T15:18:46","modified_gmt":"2026-02-11T14:18:46","slug":"borne-darcade","status":"publish","type":"product","link":"https:\/\/www.mysmartevents.fr\/index.php\/product\/borne-darcade\/","title":{"rendered":"Borne d&rsquo;arcade"},"content":{"rendered":"<p><strong>D\u00e9couvrez notre Borne d&rsquo;arcade, id\u00e9al pour vos soir\u00e9e d&rsquo;entreprise, de ville,\u00a0anniversaire\u00a0ou tout autre \u00e9v\u00e9nement.<\/strong><\/p>\n<p><strong>L\u2019univers\u00a0r\u00e9trogaming a port\u00e9 de main, plongez de l\u2019univers r\u00e9tro et replongez dans les souvenirs de votre jeunesse ! Plusieurs milliers de jeux pour vous amuser de longues heures.<\/strong><\/p>\n<p><b>Tarifs &amp; conditions de location<\/b><\/p>\n<p>\u2022 <b>300\u20ac TTC \/ 24h\u00a0<\/b><br \/>\n\u2022 Tarif d\u00e9gressif pour les longues dur\u00e9es (coefficient appliqu\u00e9 par jour suppl\u00e9mentaire).<br \/>\n\u2022 <b>Nettoyage non inclus<\/b> \u2013 forfait disponible sur demande. Remplissage \u00e0 la charge du client et vidage \u00e9galement.<\/p>\n","protected":false},"excerpt":{"rendered":"<p>D\u00e9couvrez notre Borne d&rsquo;arcade, id\u00e9al pour vos soir\u00e9e d&rsquo;entreprise, de ville,\u00a0anniversaire\u00a0ou tout autre \u00e9v\u00e9nement. L\u2019univers\u00a0r\u00e9trogaming a port\u00e9 de main, plongez de l\u2019univers r\u00e9tro et replongez dans les souvenirs de votre jeunesse ! Plusieurs milliers de jeux pour vous amuser de longues heures. Tarifs &amp; conditions de location \u2022 300\u20ac TTC \/ 24h\u00a0 \u2022 Tarif d\u00e9gressif [&hellip;]<\/p>\n","protected":false},"featured_media":26247,"template":"","meta":[],"product_cat":[128,129],"product_tag":[],"class_list":{"0":"post-26246","1":"product","2":"type-product","3":"status-publish","4":"has-post-thumbnail","6":"product_cat-jeux-animations","7":"product_cat-jeux","9":"first","10":"instock","11":"taxable","12":"shipping-taxable","13":"purchasable","14":"product-type-simple"},"_links":{"self":[{"href":"https:\/\/www.mysmartevents.fr\/index.php\/wp-json\/wp\/v2\/product\/26246","targetHints":{"allow":["GET"]}}],"collection":[{"href":"https:\/\/www.mysmartevents.fr\/index.php\/wp-json\/wp\/v2\/product"}],"about":[{"href":"https:\/\/www.mysmartevents.fr\/index.php\/wp-json\/wp\/v2\/types\/product"}],"wp:featuredmedia":[{"embeddable":true,"href":"https:\/\/www.mysmartevents.fr\/index.php\/wp-json\/wp\/v2\/media\/26247"}],"wp:attachment":[{"href":"https:\/\/www.mysmartevents.fr\/index.php\/wp-json\/wp\/v2\/media?parent=26246"}],"wp:term":[{"taxonomy":"product_cat","embeddable":true,"href":"https:\/\/www.mysmartevents.fr\/index.php\/wp-json\/wp\/v2\/product_cat?post=26246"},{"taxonomy":"product_tag","embeddable":true,"href":"https:\/\/www.mysmartevents.fr\/index.php\/wp-json\/wp\/v2\/product_tag?post=26246"}],"curies":[{"name":"wp","href":"https:\/\/api.w.org\/{rel}","templated":true}]}}