{"id":26260,"date":"2026-02-13T18:19:44","date_gmt":"2026-02-13T17:19:44","guid":{"rendered":"https:\/\/www.mysmartevents.fr\/?post_type=product&#038;p=26260"},"modified":"2026-02-13T18:21:12","modified_gmt":"2026-02-13T17:21:12","slug":"stand-bubble-tea-sur-devis","status":"publish","type":"product","link":"https:\/\/www.mysmartevents.fr\/index.php\/product\/stand-bubble-tea-sur-devis\/","title":{"rendered":"Stand Bubble Tea ( sur devis )"},"content":{"rendered":"<h4><strong>Stand Bubble Tea professionnel\u00a0<\/strong><\/h4>\n<p>D\u00e9couvrez nos\u00a0<strong>Stands sucr\u00e9e \/ Sal\u00e9<\/strong>, la prestation id\u00e9al pour sublimer vos \u00e9v\u00e9nements et r\u00e9gal\u00e9 vos convives. \u00a0 \u00a0 \u00a0 \u00a0 \u00a0 \u00a0 \u00a0 \u00a0 \u00a0 \u00a0 \u00a0 \u00a0 \u00a0 \u00a0 \u00a0 \u00a0 \u00a0 \u00a0 \u00a0 \u00a0 \u00a0 \u00a0 \u00a0 \u00a0 \u00a0 \u00a0 \u00a0 \u00a0 \u00a0 \u00a0 \u00a0 \u00a0 \u00a0 \u00a0 \u00a0 \u00a0 \u00a0 \u00a0 \u00a0 \u00a0 \u00a0 \u00a0 \u00a0 \u00a0 \u00a0 \u00a0 \u00a0 \u00a0 \u00a0 \u00a0 \u00a0 \u00a0 \u00a0 \u00a0 \u00a0 \u00a0 \u00a0 \u00a0 \u00a0 \u00a0 \u00a0 \u00a0 \u00a0 \u00a0 \u00a0 \u00a0 \u00a0 \u00a0 \u00a0 \u00a0 \u00a0 \u00a0 \u00a0 \u00a0 \u00a0 \u00a0 \u00a0 \u00a0 \u00a0 \u00a0 \u00a0 \u00a0 \u00a0 \u00a0 Prestation propos\u00e9e avec ou sans animateurs.<\/p>\n<p>&nbsp;<\/p>\n<p><b>Tarifs &amp; conditions de location<\/b><\/p>\n<p>\u2022 <strong>Sur devis selon nombre de personnes<\/strong><br \/>\n\u2022 Tarif d\u00e9gressif pour les longues dur\u00e9es (coefficient appliqu\u00e9 par jour suppl\u00e9mentaire).<br \/>\n\u2022 <b>Prestation tout inclus\u00a0<\/b><br \/>\n\u2022 <b>Nettoyage inclus<\/b><\/p>\n","protected":false},"excerpt":{"rendered":"<p>Stand Bubble Tea professionnel\u00a0 D\u00e9couvrez nos\u00a0Stands sucr\u00e9e \/ Sal\u00e9, la prestation id\u00e9al pour sublimer vos \u00e9v\u00e9nements et r\u00e9gal\u00e9 vos convives. \u00a0 \u00a0 \u00a0 \u00a0 \u00a0 \u00a0 \u00a0 \u00a0 \u00a0 \u00a0 \u00a0 \u00a0 \u00a0 \u00a0 \u00a0 \u00a0 \u00a0 \u00a0 \u00a0 \u00a0 \u00a0 \u00a0 \u00a0 \u00a0 \u00a0 \u00a0 \u00a0 \u00a0 \u00a0 \u00a0 \u00a0 \u00a0 \u00a0 \u00a0 \u00a0 [&hellip;]<\/p>\n","protected":false},"featured_media":26261,"template":"","meta":[],"product_cat":[131,142],"product_tag":[],"class_list":{"0":"post-26260","1":"product","2":"type-product","3":"status-publish","4":"has-post-thumbnail","6":"product_cat-food-gourmandises","7":"product_cat-stand-sur-mesure","9":"first","10":"instock","11":"taxable","12":"shipping-taxable","13":"product-type-simple"},"_links":{"self":[{"href":"https:\/\/www.mysmartevents.fr\/index.php\/wp-json\/wp\/v2\/product\/26260","targetHints":{"allow":["GET"]}}],"collection":[{"href":"https:\/\/www.mysmartevents.fr\/index.php\/wp-json\/wp\/v2\/product"}],"about":[{"href":"https:\/\/www.mysmartevents.fr\/index.php\/wp-json\/wp\/v2\/types\/product"}],"wp:featuredmedia":[{"embeddable":true,"href":"https:\/\/www.mysmartevents.fr\/index.php\/wp-json\/wp\/v2\/media\/26261"}],"wp:attachment":[{"href":"https:\/\/www.mysmartevents.fr\/index.php\/wp-json\/wp\/v2\/media?parent=26260"}],"wp:term":[{"taxonomy":"product_cat","embeddable":true,"href":"https:\/\/www.mysmartevents.fr\/index.php\/wp-json\/wp\/v2\/product_cat?post=26260"},{"taxonomy":"product_tag","embeddable":true,"href":"https:\/\/www.mysmartevents.fr\/index.php\/wp-json\/wp\/v2\/product_tag?post=26260"}],"curies":[{"name":"wp","href":"https:\/\/api.w.org\/{rel}","templated":true}]}}