{"id":26267,"date":"2026-02-18T18:41:43","date_gmt":"2026-02-18T17:41:43","guid":{"rendered":"https:\/\/www.mysmartevents.fr\/?post_type=product&#038;p=26267"},"modified":"2026-02-18T18:42:02","modified_gmt":"2026-02-18T17:42:02","slug":"lancer-de-haches-2","status":"publish","type":"product","link":"https:\/\/www.mysmartevents.fr\/index.php\/product\/lancer-de-haches-2\/","title":{"rendered":"Lancer de haches"},"content":{"rendered":"<h2>Le Tomahawk\u00a0: Un Jeu Gonflable de Lancer de Haches\u00a0!<\/h2>\n<p>Le Tomahawk est un\u00a0jeu gonflable tr\u00e8s divertissant. Qui arrivera \u00e0 lancer sa hache au milieu de la cible ? Le joueur dispose de quelques haches avec une partie en velcro. La structure de jeu comporte une grande cible en velcro num\u00e9rot\u00e9e. Le but du jeu est de lancer la hache pour qu\u2019elle se fixe \u00e0 la cible. Plus la hache est proche du centre plus le nombre de points est \u00e9lev\u00e9. Les joueurs peuvent joueur chacun leur tour et comptabiliser le nombre de points sur plusieurs manches. Ce jeu est tr\u00e8s facile \u00e0 prendre en main, les haches en velcro se fixant tr\u00e8s facilement \u00e0 la cible. Pour plus de difficult\u00e9, vous pouvez augmenter la distance de tir entre la cible et les joueurs. Convient aux adultes comme aux enfants.<\/p>\n<p>POIDS : 55 KG<br \/>\nLONGUEUR : 3,35M<br \/>\nLARGEUR : 3M<br \/>\nHAUTEUR : 3M<br \/>\nNORME : AFNOR NF EN 14960 (2019)<br \/>\nCOMPOSITION : TOILE PVC 650 G\/M\u00b2 CERTIFI\u00c9E M2<\/p>\n","protected":false},"excerpt":{"rendered":"<p>Le Tomahawk\u00a0: Un Jeu Gonflable de Lancer de Haches\u00a0! Le Tomahawk est un\u00a0jeu gonflable tr\u00e8s divertissant. Qui arrivera \u00e0 lancer sa hache au milieu de la cible ? Le joueur dispose de quelques haches avec une partie en velcro. La structure de jeu comporte une grande cible en velcro num\u00e9rot\u00e9e. Le but du jeu est [&hellip;]<\/p>\n","protected":false},"featured_media":26060,"template":"","meta":[],"product_cat":[129],"product_tag":[],"class_list":{"0":"post-26267","1":"product","2":"type-product","3":"status-publish","4":"has-post-thumbnail","6":"product_cat-jeux","8":"first","9":"instock","10":"taxable","11":"shipping-taxable","12":"purchasable","13":"product-type-simple"},"_links":{"self":[{"href":"https:\/\/www.mysmartevents.fr\/index.php\/wp-json\/wp\/v2\/product\/26267","targetHints":{"allow":["GET"]}}],"collection":[{"href":"https:\/\/www.mysmartevents.fr\/index.php\/wp-json\/wp\/v2\/product"}],"about":[{"href":"https:\/\/www.mysmartevents.fr\/index.php\/wp-json\/wp\/v2\/types\/product"}],"wp:featuredmedia":[{"embeddable":true,"href":"https:\/\/www.mysmartevents.fr\/index.php\/wp-json\/wp\/v2\/media\/26060"}],"wp:attachment":[{"href":"https:\/\/www.mysmartevents.fr\/index.php\/wp-json\/wp\/v2\/media?parent=26267"}],"wp:term":[{"taxonomy":"product_cat","embeddable":true,"href":"https:\/\/www.mysmartevents.fr\/index.php\/wp-json\/wp\/v2\/product_cat?post=26267"},{"taxonomy":"product_tag","embeddable":true,"href":"https:\/\/www.mysmartevents.fr\/index.php\/wp-json\/wp\/v2\/product_tag?post=26267"}],"curies":[{"name":"wp","href":"https:\/\/api.w.org\/{rel}","templated":true}]}}