{"id":26280,"date":"2026-03-11T14:57:48","date_gmt":"2026-03-11T13:57:48","guid":{"rendered":"https:\/\/www.mysmartevents.fr\/?post_type=product&#038;p=26280"},"modified":"2026-03-11T15:08:58","modified_gmt":"2026-03-11T14:08:58","slug":"jeu-tape-genouilles","status":"publish","type":"product","link":"https:\/\/www.mysmartevents.fr\/index.php\/product\/jeu-tape-genouilles\/","title":{"rendered":"Jeu tape genouilles"},"content":{"rendered":"<p><strong>D\u00e9couvrez nos Borne Tape grenouilles le jeu d\u2019arcade qui \u00e9merveille chaque enfant !<\/strong><\/p>\n<p><strong>Les grenouilles malicieuses jaillissent et les sourires s\u2019\u00e9largissent ! Chaque coup est une aventure.<\/strong><\/p>\n<p><strong>Pens\u00e9 pour les petits, notre Tape-Grenouille promet une exp\u00e9rience ludique sans danger.<\/strong><\/p>\n<p><b>Tarifs &amp; conditions de location<\/b><\/p>\n<p>\u2022 <b>300\u20ac TTC \/ 24h\u00a0<\/b><br \/>\n\u2022 Tarif d\u00e9gressif pour les longues dur\u00e9es (coefficient appliqu\u00e9 par jour suppl\u00e9mentaire).<br \/>\n\u2022 <b>Nettoyage non inclus<\/b> \u2013 forfait disponible sur demande. Remplissage \u00e0 la charge du client et vidage \u00e9galement.<\/p>\n","protected":false},"excerpt":{"rendered":"<p>D\u00e9couvrez nos Borne Tape grenouilles le jeu d\u2019arcade qui \u00e9merveille chaque enfant ! Les grenouilles malicieuses jaillissent et les sourires s\u2019\u00e9largissent ! Chaque coup est une aventure. Pens\u00e9 pour les petits, notre Tape-Grenouille promet une exp\u00e9rience ludique sans danger. Tarifs &amp; conditions de location \u2022 300\u20ac TTC \/ 24h\u00a0 \u2022 Tarif d\u00e9gressif pour les longues [&hellip;]<\/p>\n","protected":false},"featured_media":26278,"template":"","meta":[],"product_cat":[128,129],"product_tag":[],"class_list":{"0":"post-26280","1":"product","2":"type-product","3":"status-publish","4":"has-post-thumbnail","6":"product_cat-jeux-animations","7":"product_cat-jeux","9":"first","10":"instock","11":"taxable","12":"shipping-taxable","13":"purchasable","14":"product-type-simple"},"_links":{"self":[{"href":"https:\/\/www.mysmartevents.fr\/index.php\/wp-json\/wp\/v2\/product\/26280","targetHints":{"allow":["GET"]}}],"collection":[{"href":"https:\/\/www.mysmartevents.fr\/index.php\/wp-json\/wp\/v2\/product"}],"about":[{"href":"https:\/\/www.mysmartevents.fr\/index.php\/wp-json\/wp\/v2\/types\/product"}],"wp:featuredmedia":[{"embeddable":true,"href":"https:\/\/www.mysmartevents.fr\/index.php\/wp-json\/wp\/v2\/media\/26278"}],"wp:attachment":[{"href":"https:\/\/www.mysmartevents.fr\/index.php\/wp-json\/wp\/v2\/media?parent=26280"}],"wp:term":[{"taxonomy":"product_cat","embeddable":true,"href":"https:\/\/www.mysmartevents.fr\/index.php\/wp-json\/wp\/v2\/product_cat?post=26280"},{"taxonomy":"product_tag","embeddable":true,"href":"https:\/\/www.mysmartevents.fr\/index.php\/wp-json\/wp\/v2\/product_tag?post=26280"}],"curies":[{"name":"wp","href":"https:\/\/api.w.org\/{rel}","templated":true}]}}